 a multiple of 18?
True
Does 8 divide 1197035839?
False
Is 74144868 a multiple of 122?
False
Does 5479 divide 213067352?
True
Is 87 a factor of 44395839?
True
Does 460 divide 15313400?
True
Does 18 divide 4503332696?
False
Is 9428 a factor of 4171830660?
False
Is 46 a factor of 3584182?
True
Is 175 a factor of 39202741?
False
Is 77 a factor of 7374701?
False
Is 4272 a factor of 491696293?
False
Is 18403803 a multiple of 11?
True
Is 12 a factor of 1115873328?
True
Is 19 a factor of 85070828?
True
Does 3546 divide 907811460?
True
Is 32370810 a multiple of 732?
False
Is 669558112 a multiple of 25?
False
Is 14 a factor of 47080290?
False
Does 23 divide 2169328448?
False
Is 46 a factor of 106663650?
True
Is 38 a factor of 453885526?
False
Is 871 a factor of 272912051?
False
Is 11 a factor of 224289399?
False
Does 51 divide 42866826?
True
Is 315 a factor of 28699130?
False
Does 14 divide 17082380?
True
Is 244032069 a multiple of 8?
False
Does 4 divide 149542814?
False
Does 11 divide 34940581?
False
Is 16148 a factor of 3070097550?
False
Is 13 a factor of 261880177?
True
Does 104 divide 92456?
True
Does 4141 divide 6194936?
True
Does 545 divide 182042403?
False
Is 2123558621 a multiple of 1829?
True
Is 4544 a factor of 1627238208?
True
Is 49 a factor of 152022794?
True
Is 18166925 a multiple of 25?
True
Is 51688602 a multiple of 2478?
True
Is 1450 a factor of 20050600?
True
Is 990 a factor of 71910273?
False
Is 1727085760 a multiple of 1360?
True
Does 416 divide 476092965?
False
Is 3 a factor of 32556375?
True
Does 106 divide 10937610?
True
Is 8 a factor of 82242248?
True
Is 289 a factor of 111427418?
True
Is 6504362 a multiple of 5?
False
Is 154 a factor of 17503460?
False
Is 6 a factor of 2260482?
True
Is 1222304328 a multiple of 279?
False
Is 207517865 a multiple of 4?
False
Does 78 divide 1084512301?
False
Is 9665029 a multiple of 37?
True
Does 349 divide 850775696?
False
Is 37894909 a multiple of 723?
False
Is 11251062 a multiple of 54?
True
Is 2025827202 a multiple of 1158?
True
Is 15 a factor of 67501440?
True
Is 15192930 a multiple of 1605?
True
Is 7 a factor of 1094597271?
False
Is 1664727522 a multiple of 98?
False
Is 361924 a multiple of 5?
False
Is 15000034 a multiple of 171?
False
Does 63 divide 35893444?
False
Is 26961792 a multiple of 286?
True
Is 222 a factor of 9815508?
True
Does 608 divide 885872?
False
Is 2888934962 a multiple of 4677?
False
Is 5614987 a multiple of 30?
False
Is 1157 a factor of 202781605?
True
Is 999 a factor of 7919073?
True
Is 336380 a multiple of 162?
False
Is 13893151 a multiple of 183?
False
Is 642424402 a multiple of 6?
False
Does 85 divide 673611?
False
Is 19119459 a multiple of 594?
False
Does 139 divide 29416292?
True
Does 2 divide 616616674?
True
Is 61 a factor of 60062430?
True
Is 2 a factor of 3393503?
False
Is 2568 a factor of 176795052?
False
Is 8088594 a multiple of 18?
False
Does 14 divide 3736766466?
False
Is 13 a factor of 104729404?
True
Does 9 divide 677514764?
False
Is 38355662 a multiple of 90?
False
Is 171004540 a multiple of 230?
True
Is 687 a factor of 1170868527?
True
Does 29 divide 1226114724?
False
Does 18 divide 237578354?
False
Is 13 a factor of 16687567?
True
Is 1165 a factor of 1025185625?
False
Does 33 divide 32181435?
True
Does 13 divide 561440417?
False
Does 51 divide 1964043?
False
Is 135 a factor of 1395858960?
True
Is 1140 a factor of 17732967?
False
Does 10 divide 4590110?
True
Is 14435421 a multiple of 231?
True
Does 11 divide 57098685?
False
Is 2033 a factor of 44766984?
False
Is 461 a factor of 77085475?
False
Does 55 divide 5069037?
False
Is 1507065 a multiple of 1389?
True
Is 208 a factor of 638564576?
True
Is 53 a factor of 25234307?
True
Does 10186 divide 1358565718?
False
Is 2621853 a multiple of 9?
True
Does 9 divide 61274058?
False
Is 12 a factor of 124392228?
True
Is 778440 a multiple of 24?
True
Does 463 divide 120401298?
True
Is 107 a factor of 55862774?
True
Is 2 a factor of 6914737?
False
Does 3 divide 471342513?
True
Is 2102480 a multiple of 15?
False
Does 236 divide 92978516?
False
Does 13 divide 16785002?
True
Does 3 divide 17788513?
False
Is 128 a factor of 469116672?
True
Is 453576200 a multiple of 770?
True
Is 33245972 a multiple of 102?
False
Is 34 a factor of 985132592?
True
Is 75304299 a multiple of 156?
False
Is 12679 a factor of 2482205867?
True
Does 344 divide 5685632?
True
Does 105 divide 1843189?
False
Does 332 divide 838253198?
False
Is 2406032373 a multiple of 31?
False
Does 1051 divide 324735710?
False
Does 3 divide 37344075?
True
Is 16834983 a multiple of 492?
False
Is 3894990 a multiple of 29?
True
Does 1595 divide 2134801599?
False
Does 4 divide 901843?
False
Is 304490736 a multiple of 72?
True
Is 1193 a factor of 117384060?
False
Is 45 a factor of 99892984?
False
Is 98225544 a multiple of 5945?
False
Does 18 divide 3801492?
True
Does 197 divide 19663007?
False
Is 7792797 a multiple of 753?
True
Is 26 a factor of 229734135?
False
Does 1293 divide 633757485?
True
Is 12 a factor of 1232875196?
False
Is 87571118 a multiple of 31?
False
Does 4309 divide 4340794986?
False
Is 862 a factor of 1272005990?
True
Does 7 divide 435436743?
True
Does 5644 divide 1422965253?
False
Does 116 divide 2039082913?
False
Does 4233 divide 139976844?
True
Is 559520 a multiple of 10?
True
Is 378641722 a multiple of 24?
False
Is 1185260472 a multiple of 8487?
True
Does 1029 divide 1298945278?
False
Is 106304750 a multiple of 113?
True
Does 650 divide 21901654?
False
Is 51951978 a multiple of 78?
True
Is 10 a factor of 8144761?
False
Is 1077 a factor of 6662339232?
True
Is 35643874 a multiple of 49?
True
Is 9 a factor of 15202215?
True
Is 62276392 a multiple of 1334?
False
Does 4935 divide 1128437891?
False
Does 13 divide 22059938?
False
Is 84908376 a multiple of 84?
True
Is 410748685 a multiple of 582?
False
Is 49 a factor of 1375787514?
False
Does 15 divide 4496529?
False
Does 2902 divide 1456145904?
False
Is 4814515967 a multiple of 337?
False
Does 14 divide 1305142606?
False
Does 1016 divide 5668264?
True
Is 114168311 a multiple of 2021?
True
Is 399577302 a multiple of 75?
False
Is 147 a factor of 6669831?
True
Does 50 divide 443752550?
True
Is 79552499 a multiple of 6125?
False
Is 19 a factor of 61814233?
False
Is 2740601838 a multiple of 119?
False
Is 28631917 a multiple of 1208?
False
Is 812 a factor of 97767236?
True
Is 753558195 a multiple of 219?
True
Is 84 a factor of 12592020?
True
Is 1544 a factor of 29974227?
False
Does 5 divide 482245?
True
Does 125 divide 1973791125?
True
Is 131184168 a multiple of 87?
True
Is 1154 a factor of 3280785072?
True
Is 253 a factor of 98601130?
False
Is 48 a factor of 125280384?
True
Is 41 a factor of 21152679?
True
Does 24 divide 776982170?
False
Is 92387964 a multiple of 996?
True
Is 920807712 a multiple of 1041?
False
Is 533049036 a multiple of 82?
True
Does 162 divide 37684440?
True
Is 10318616 a multiple of 28?
True
Does 63 divide 51623273?
False
Is 3 a factor of 45014956?
False
Is 413 a factor of 142951601?
False
Is 40 a factor of 234025966?
False
Is 254715570 a multiple of 135?
True
Does 3255 divide 638015656?
False
Does 25 divide 109652850?
True
Is 95 a factor of 57829635?
True
Is 983918206 a multiple of 29?
True
Is 2364 a factor of 225331752?
True
Is 72 a factor of 23387760?
True
Does 2258 divide 1192987281?
False
Does 264 divide 1745539488?
True
Is 78 a factor of 52945074?
True
Does 2278 divide 765351050?
True
Does 115 divide 45820140?
True
Is 1092408448 a multiple of 128?
True
Is 125253236 a multiple of 186?
False
Does 20 divide 12578040?
True
Is 64097959 a multiple of 7516?
False
Is 361166652 a multiple of 198?
True
Does 20 divide 949071654?
False
Is 9096720 a multiple of 30?
True
Is 62986305 a multiple of 28?
False
Is 1142 a factor of 2382335336?
True
Is 193462035 a multiple of 380?
False
Does 14 divide 732594493?
False
Is 88528156 a multiple of 691?
True
Does 4833 divide 1630721587?
False
Does 37 divide 42432895?
True
Is 94866420 a multiple of 55?
True
Does 57 divide 10705096?
False
Is 1412 a factor of 1543937280?
True
Is 85044254 a multiple of 6?
False
Is 134100006 a multiple of 6?
True
Is 107800011 a multiple of 621?
True
Is 47 a factor of 3719731716?
True
Does 335 divide 8634290?
True
Is 11542336 a mult